{"id":320,"date":"2017-08-04T12:30:18","date_gmt":"2017-08-04T10:30:18","guid":{"rendered":"http:\/\/drone-faune.fr\/?post_type=cpt_services&#038;p=320"},"modified":"2023-04-03T13:54:50","modified_gmt":"2023-04-03T11:54:50","slug":"trusted","status":"publish","type":"cpt_services","link":"https:\/\/drone-faune.fr\/?cpt_services=trusted","title":{"rendered":"Biodiversit\u00e9"},"content":{"rendered":"\t\t<div data-elementor-type=\"wp-post\" data-elementor-id=\"320\" class=\"elementor elementor-320\">\n\t\t\t\t\t\t<div class=\"elementor-inner\">\n\t\t\t\t<div class=\"elementor-section-wrap\">\n\t\t\t\t\t\t\t\t\t<section class=\"elementor-section elementor-top-section elementor-element elementor-element-79555e44 elementor-section-boxed elementor-section-height-default elementor-section-height-default\" data-id=\"79555e44\" data-element_type=\"section\">\n\t\t\t\t\t\t<div class=\"elementor-container elementor-column-gap-default\">\n\t\t\t\t\t\t\t<div class=\"elementor-row\">\n\t\t\t\t\t<div class=\"elementor-column elementor-col-100 elementor-top-column elementor-element elementor-element-53807fa7 sc_layouts_column_icons_position_left\" data-id=\"53807fa7\" data-element_type=\"column\">\n\t\t\t<div class=\"elementor-column-wrap elementor-element-populated\">\n\t\t\t\t\t\t\t<div class=\"elementor-widget-wrap\">\n\t\t\t\t\t\t<div class=\"elementor-element elementor-element-557bc042 elementor-widget elementor-widget-text-editor\" data-id=\"557bc042\" data-element_type=\"widget\" data-widget_type=\"text-editor.default\">\n\t\t\t\t<div class=\"elementor-widget-container\">\n\t\t\t\t\t\t\t\t<div class=\"elementor-text-editor elementor-clearfix\">\n\t\t\t\tLa p\u00e9riode de fauche des prairies co\u00efncide avec la p\u00e9riode de mise bas des chevreuils. Les faons sont alors incapables de se d\u00e9placer seuls. Le chevreuil a d\u00e9velopp\u00e9 un sens propre \u00e0 l&#8217;esp\u00e8ce : pour prot\u00e9ger le faon, la m\u00e8re va le laisser seul et attirer l&#8217;attention du &#8220;pr\u00e9dateur&#8221; sur elle. Agile et r\u00e9active, elle pr\u00e9serve ainsi toutes les chances du petit qui ne peut ni se d\u00e9fendre ni se d\u00e9placer. Si, dans notre cas, le pr\u00e9dateur est une machine agricole, celle-ci ne pourra rien faire pour sauver son faon &#8230;.. c&#8217;est pour cel\u00e0 que ce programme a \u00e9t\u00e9 cr\u00e9\u00e9.\t\t\t\t\t<\/div>\n\t\t\t\t\t\t<\/div>\n\t\t\t\t<\/div>\n\t\t\t\t\t\t<\/div>\n\t\t\t\t\t<\/div>\n\t\t<\/div>\n\t\t\t\t\t\t\t\t<\/div>\n\t\t\t\t\t<\/div>\n\t\t<\/section>\n\t\t\t\t<section class=\"elementor-section elementor-top-section elementor-element elementor-element-b372d98 elementor-section-boxed elementor-section-height-default elementor-section-height-default\" data-id=\"b372d98\" data-element_type=\"section\">\n\t\t\t\t\t\t<div class=\"elementor-container elementor-column-gap-default\">\n\t\t\t\t\t\t\t<div class=\"elementor-row\">\n\t\t\t\t\t<div class=\"elementor-column elementor-col-50 elementor-top-column elementor-element elementor-element-02f7508 sc_layouts_column_icons_position_left\" data-id=\"02f7508\" data-element_type=\"column\">\n\t\t\t<div class=\"elementor-column-wrap elementor-element-populated\">\n\t\t\t\t\t\t\t<div class=\"elementor-widget-wrap\">\n\t\t\t\t\t\t<div class=\"elementor-element elementor-element-352550a animated-slow elementor-invisible elementor-widget elementor-widget-image\" data-id=\"352550a\" data-element_type=\"widget\" data-settings=\"{&quot;_animation&quot;:&quot;fadeInLeft&quot;}\" data-widget_type=\"image.default\">\n\t\t\t\t<div class=\"elementor-widget-container\">\n\t\t\t\t\t\t\t\t<div class=\"elementor-image\">\n\t\t\t\t\t\t\t\t\t\t\t\t<img decoding=\"async\" src=\"https:\/\/drone-faune.fr\/wp-content\/uploads\/2017\/08\/Capture-decran-2023-03-31-a-13.10.19.png\" title=\"chevreuil\" alt=\"chevreuil\" loading=\"lazy\" \/>\t\t\t\t\t\t\t\t\t\t\t\t\t\t<\/div>\n\t\t\t\t\t\t<\/div>\n\t\t\t\t<\/div>\n\t\t\t\t\t\t<\/div>\n\t\t\t\t\t<\/div>\n\t\t<\/div>\n\t\t\t\t<div class=\"elementor-column elementor-col-50 elementor-top-column elementor-element elementor-element-89ec373 sc_layouts_column_icons_position_left\" data-id=\"89ec373\" data-element_type=\"column\">\n\t\t\t<div class=\"elementor-column-wrap elementor-element-populated\">\n\t\t\t\t\t\t\t<div class=\"elementor-widget-wrap\">\n\t\t\t\t\t\t<div class=\"elementor-element elementor-element-a41ba68 animated-slow elementor-invisible elementor-widget elementor-widget-image\" data-id=\"a41ba68\" data-element_type=\"widget\" data-settings=\"{&quot;_animation&quot;:&quot;fadeInRight&quot;}\" data-widget_type=\"image.default\">\n\t\t\t\t<div class=\"elementor-widget-container\">\n\t\t\t\t\t\t\t\t<div class=\"elementor-image\">\n\t\t\t\t\t\t\t\t\t\t\t\t<img decoding=\"async\" src=\"https:\/\/drone-faune.fr\/wp-content\/uploads\/2017\/08\/Capture-decran-2023-03-31-a-10.51.29.png\" title=\"d\u00e9placement\" alt=\"d\u00e9placement\" loading=\"lazy\" \/>\t\t\t\t\t\t\t\t\t\t\t\t\t\t<\/div>\n\t\t\t\t\t\t<\/div>\n\t\t\t\t<\/div>\n\t\t\t\t\t\t<\/div>\n\t\t\t\t\t<\/div>\n\t\t<\/div>\n\t\t\t\t\t\t\t\t<\/div>\n\t\t\t\t\t<\/div>\n\t\t<\/section>\n\t\t\t\t<section class=\"elementor-section elementor-top-section elementor-element elementor-element-36b9145 elementor-section-boxed elementor-section-height-default elementor-section-height-default\" data-id=\"36b9145\" data-element_type=\"section\">\n\t\t\t\t\t\t<div class=\"elementor-container elementor-column-gap-default\">\n\t\t\t\t\t\t\t<div class=\"elementor-row\">\n\t\t\t\t\t<div class=\"elementor-column elementor-col-50 elementor-top-column elementor-element elementor-element-1beb680 sc_layouts_column_icons_position_left\" data-id=\"1beb680\" data-element_type=\"column\">\n\t\t\t<div class=\"elementor-column-wrap elementor-element-populated\">\n\t\t\t\t\t\t\t<div class=\"elementor-widget-wrap\">\n\t\t\t\t\t\t<div class=\"elementor-element elementor-element-800892d elementor-widget elementor-widget-text-editor\" data-id=\"800892d\" data-element_type=\"widget\" data-widget_type=\"text-editor.default\">\n\t\t\t\t<div class=\"elementor-widget-container\">\n\t\t\t\t\t\t\t\t<div class=\"elementor-text-editor elementor-clearfix\">\n\t\t\t\t<p><span style=\"font-size: 14px;\"><strong>Le chevreuil<\/strong> est le plus petit cervid\u00e9 europ\u00e9en de 15 \u00e0 35 kg de poids vif aux multiples particularit\u00e9s. Reconnaissable \u00e9galement par l\u2019absence de queue mais pr\u00e9sence d\u2019un miroir caract\u00e9ristique sur le post\u00e9rieur qui permet notamment d\u2019en d\u00e9finir le sexe.<\/span><\/p><p>Il laisse \u00e9galement des indices de pr\u00e9sence caract\u00e9ristiques tels que traces d\u2019abroutissements, moquettes (crottes) au sol en petits tas, traces de frottis sur la v\u00e9g\u00e9tation lorsque les m\u00e2les ont fray\u00e9 leurs bois ou pour marquer le territoire, traces de grattis ou r\u00e9galis, couches ou encore empreinte avec 2 ongles marqu\u00e9s et pointus. Plus rarement, d\u00e9couverte de bois que les m\u00e2les perdent en novembre.<\/p><p>Il a su s\u2019adapter \u00e0 de nombreux milieux mais les sites de pr\u00e9dilection pour l\u2019esp\u00e8ces sont les lisi\u00e8res, le bocage ou encore les taillis.<\/p>\t\t\t\t\t<\/div>\n\t\t\t\t\t\t<\/div>\n\t\t\t\t<\/div>\n\t\t\t\t\t\t<\/div>\n\t\t\t\t\t<\/div>\n\t\t<\/div>\n\t\t\t\t<div class=\"elementor-column elementor-col-50 elementor-top-column elementor-element elementor-element-17c0012 sc_layouts_column_icons_position_left\" data-id=\"17c0012\" data-element_type=\"column\">\n\t\t\t<div class=\"elementor-column-wrap elementor-element-populated\">\n\t\t\t\t\t\t\t<div class=\"elementor-widget-wrap\">\n\t\t\t\t\t\t<div class=\"elementor-element elementor-element-c92141d elementor-widget elementor-widget-text-editor\" data-id=\"c92141d\" data-element_type=\"widget\" data-widget_type=\"text-editor.default\">\n\t\t\t\t<div class=\"elementor-widget-container\">\n\t\t\t\t\t\t\t\t<div class=\"elementor-text-editor elementor-clearfix\">\n\t\t\t\t<p>C\u2019est aussi, bien plus que ses cousins, un fin gourmet. Il consomme bon nombre d\u2019esp\u00e8ces v\u00e9g\u00e9tales tels que ronces, jeunes pousses, lierre, dans une moindre mesure des plantes herbac\u00e9es dont il cueillera avec pr\u00e9cision les bourgeons ou encore les fleurs.<\/p><p>Les cycles de reproduction sont l\u00e0 encore tr\u00e8s particuliers avec un rut marqu\u00e9 en plein \u00e9t\u00e9, une gestation avec une longue phase d\u2019ovo-implantation diff\u00e9r\u00e9e d\u2019environ 6 mois pour des naissances g\u00e9n\u00e9ralement de 2 faons par chevrette d\u2019avril \u00e0 juin.<\/p><p>Ces jeunes faons se r\u00e9fugient g\u00e9n\u00e9ralement dans les pr\u00e9s et zones en bordure de haies ou de lisi\u00e8res foresti\u00e8res.<\/p><p>Le cri caract\u00e9ristique \u00e9mis peut ressembler \u00e0 celui d\u2019un aboiement au son de [Baou].<\/p><p>\u00a0<\/p>\t\t\t\t\t<\/div>\n\t\t\t\t\t\t<\/div>\n\t\t\t\t<\/div>\n\t\t\t\t\t\t<\/div>\n\t\t\t\t\t<\/div>\n\t\t<\/div>\n\t\t\t\t\t\t\t\t<\/div>\n\t\t\t\t\t<\/div>\n\t\t<\/section>\n\t\t\t\t\t\t\t\t\t<\/div>\n\t\t\t<\/div>\n\t\t\t\t\t<\/div>\n\t\t","protected":false},"excerpt":{"rendered":"<p>Participez \u00e0 notre programme. Sauvons les faons.<\/p>\n","protected":false},"author":1,"featured_media":0,"comment_status":"closed","ping_status":"closed","template":"","class_list":["post-320","cpt_services","type-cpt_services","status-publish","hentry","cpt_services_group-quality"],"_links":{"self":[{"href":"https:\/\/drone-faune.fr\/index.php?rest_route=\/wp\/v2\/cpt_services\/320","targetHints":{"allow":["GET"]}}],"collection":[{"href":"https:\/\/drone-faune.fr\/index.php?rest_route=\/wp\/v2\/cpt_services"}],"about":[{"href":"https:\/\/drone-faune.fr\/index.php?rest_route=\/wp\/v2\/types\/cpt_services"}],"author":[{"embeddable":true,"href":"https:\/\/drone-faune.fr\/index.php?rest_route=\/wp\/v2\/users\/1"}],"replies":[{"embeddable":true,"href":"https:\/\/drone-faune.fr\/index.php?rest_route=%2Fwp%2Fv2%2Fcomments&post=320"}],"version-history":[{"count":15,"href":"https:\/\/drone-faune.fr\/index.php?rest_route=\/wp\/v2\/cpt_services\/320\/revisions"}],"predecessor-version":[{"id":3638,"href":"https:\/\/drone-faune.fr\/index.php?rest_route=\/wp\/v2\/cpt_services\/320\/revisions\/3638"}],"wp:attachment":[{"href":"https:\/\/drone-faune.fr\/index.php?rest_route=%2Fwp%2Fv2%2Fmedia&parent=320"}],"curies":[{"name":"wp","href":"https:\/\/api.w.org\/{rel}","templated":true}]}}

Biodiversité

<div data-elementor-type="wp-post" data-elementor-id="320" class="elementor elementor-320">
						<div class="elementor-inner">
				<div class="elementor-section-wrap">
									<section class="elementor-section elementor-top-section elementor-element elementor-element-79555e44 elementor-section-boxed elementor-section-height-default elementor-section-height-default" data-id="79555e44" data-element_type="section">
						<div class="elementor-container elementor-column-gap-default">
							<div class="elementor-row">
					<div class="elementor-column elementor-col-100 elementor-top-column elementor-element elementor-element-53807fa7 sc_layouts_column_icons_position_left" data-id="53807fa7" data-element_type="column">
			<div class="elementor-column-wrap elementor-element-populated">
							<div class="elementor-widget-wrap">
						<div class="elementor-element elementor-element-557bc042 elementor-widget elementor-widget-text-editor" data-id="557bc042" data-element_type="widget" data-widget_type="text-editor.default">
				<div class="elementor-widget-container">
								<div class="elementor-text-editor elementor-clearfix">
				La période de fauche des prairies coïncide avec la période de mise bas des chevreuils. Les faons sont alors incapables de se déplacer seuls. Le chevreuil a développé un sens propre à l&#8217;espèce : pour protéger le faon, la mère va le laisser seul et attirer l&#8217;attention du &#8220;prédateur&#8221; sur elle. Agile et réactive, elle préserve ainsi toutes les chances du petit qui ne peut ni se défendre ni se déplacer. Si, dans notre cas, le prédateur est une machine agricole, celle-ci ne pourra rien faire pour sauver son faon &#8230;.. c&#8217;est pour celà que ce programme a été créé.					</div>
						</div>
				</div>
						</div>
					</div>
		</div>
								</div>
					</div>
		</section>
				<section class="elementor-section elementor-top-section elementor-element elementor-element-b372d98 elementor-section-boxed elementor-section-height-default elementor-section-height-default" data-id="b372d98" data-element_type="section">
						<div class="elementor-container elementor-column-gap-default">
							<div class="elementor-row">
					<div class="elementor-column elementor-col-50 elementor-top-column elementor-element elementor-element-02f7508 sc_layouts_column_icons_position_left" data-id="02f7508" data-element_type="column">
			<div class="elementor-column-wrap elementor-element-populated">
							<div class="elementor-widget-wrap">
						<div class="elementor-element elementor-element-352550a animated-slow elementor-invisible elementor-widget elementor-widget-image" data-id="352550a" data-element_type="widget" data-settings="{&quot;_animation&quot;:&quot;fadeInLeft&quot;}" data-widget_type="image.default">
				<div class="elementor-widget-container">
								<div class="elementor-image">
												<img decoding="async" src="https://drone-faune.fr/wp-content/uploads/2017/08/Capture-decran-2023-03-31-a-13.10.19.png" title="chevreuil" alt="chevreuil" loading="lazy" />														</div>
						</div>
				</div>
						</div>
					</div>
		</div>
				<div class="elementor-column elementor-col-50 elementor-top-column elementor-element elementor-element-89ec373 sc_layouts_column_icons_position_left" data-id="89ec373" data-element_type="column">
			<div class="elementor-column-wrap elementor-element-populated">
							<div class="elementor-widget-wrap">
						<div class="elementor-element elementor-element-a41ba68 animated-slow elementor-invisible elementor-widget elementor-widget-image" data-id="a41ba68" data-element_type="widget" data-settings="{&quot;_animation&quot;:&quot;fadeInRight&quot;}" data-widget_type="image.default">
				<div class="elementor-widget-container">
								<div class="elementor-image">
												<img decoding="async" src="https://drone-faune.fr/wp-content/uploads/2017/08/Capture-decran-2023-03-31-a-10.51.29.png" title="déplacement" alt="déplacement" loading="lazy" />														</div>
						</div>
				</div>
						</div>
					</div>
		</div>
								</div>
					</div>
		</section>
				<section class="elementor-section elementor-top-section elementor-element elementor-element-36b9145 elementor-section-boxed elementor-section-height-default elementor-section-height-default" data-id="36b9145" data-element_type="section">
						<div class="elementor-container elementor-column-gap-default">
							<div class="elementor-row">
					<div class="elementor-column elementor-col-50 elementor-top-column elementor-element elementor-element-1beb680 sc_layouts_column_icons_position_left" data-id="1beb680" data-element_type="column">
			<div class="elementor-column-wrap elementor-element-populated">
							<div class="elementor-widget-wrap">
						<div class="elementor-element elementor-element-800892d elementor-widget elementor-widget-text-editor" data-id="800892d" data-element_type="widget" data-widget_type="text-editor.default">
				<div class="elementor-widget-container">
								<div class="elementor-text-editor elementor-clearfix">
				<p><span style="font-size: 14px;"><strong>Le chevreuil</strong> est le plus petit cervidé européen de 15 à 35 kg de poids vif aux multiples particularités. Reconnaissable également par l’absence de queue mais présence d’un miroir caractéristique sur le postérieur qui permet notamment d’en définir le sexe.</span></p><p>Il laisse également des indices de présence caractéristiques tels que traces d’abroutissements, moquettes (crottes) au sol en petits tas, traces de frottis sur la végétation lorsque les mâles ont frayé leurs bois ou pour marquer le territoire, traces de grattis ou régalis, couches ou encore empreinte avec 2 ongles marqués et pointus. Plus rarement, découverte de bois que les mâles perdent en novembre.</p><p>Il a su s’adapter à de nombreux milieux mais les sites de prédilection pour l’espèces sont les lisières, le bocage ou encore les taillis.</p>					</div>
						</div>
				</div>
						</div>
					</div>
		</div>
				<div class="elementor-column elementor-col-50 elementor-top-column elementor-element elementor-element-17c0012 sc_layouts_column_icons_position_left" data-id="17c0012" data-element_type="column">
			<div class="elementor-column-wrap elementor-element-populated">
							<div class="elementor-widget-wrap">
						<div class="elementor-element elementor-element-c92141d elementor-widget elementor-widget-text-editor" data-id="c92141d" data-element_type="widget" data-widget_type="text-editor.default">
				<div class="elementor-widget-container">
								<div class="elementor-text-editor elementor-clearfix">
				<p>C’est aussi, bien plus que ses cousins, un fin gourmet. Il consomme bon nombre d’espèces végétales tels que ronces, jeunes pousses, lierre, dans une moindre mesure des plantes herbacées dont il cueillera avec précision les bourgeons ou encore les fleurs.</p><p>Les cycles de reproduction sont là encore très particuliers avec un rut marqué en plein été, une gestation avec une longue phase d’ovo-implantation différée d’environ 6 mois pour des naissances généralement de 2 faons par chevrette d’avril à juin.</p><p>Ces jeunes faons se réfugient généralement dans les prés et zones en bordure de haies ou de lisières forestières.</p><p>Le cri caractéristique émis peut ressembler à celui d’un aboiement au son de [Baou].</p><p> </p>					</div>
						</div>
				</div>
						</div>
					</div>
		</div>
								</div>
					</div>
		</section>
									</div>
			</div>
					</div>

<p>Participez à notre programme. Sauvons les faons.</p>
